ens digit of 72626?
2
What is the units digit of 1003?
3
What is the tens digit of 477?
7
What is the hundreds digit of 14151?
1
What is the ten thousands digit of 12204?
1
What is the hundreds digit of 7774?
7
What is the ten thousands digit of 10422?
1
What is the tens digit of 29912?
1
What is the hundreds digit of 839?
8
What is the hundreds digit of 29350?
3
What is the thousands digit of 3133?
3
What is the units digit of 1961?
1
What is the tens digit of 424?
2
What is the thousands digit of 20386?
0
What is the hundreds digit of 107107?
1
What is the units digit of 2129?
9
What is the hundreds digit of 1599?
5
What is the thousands digit of 16344?
6
What is the thousands digit of 28501?
8
What is the units digit of 21333?
3
What is the tens digit of 4802?
0
What is the units digit of 1518?
8
What is the hundreds digit of 1278?
2
What is the tens digit of 1825?
2
What is the units digit of 1840?
0
What is the units digit of 29049?
9
What is the tens digit of 786?
8
What is the hundreds digit of 48797?
7
What is the tens digit of 95827?
2
What is the units digit of 2947?
7
What is the hundreds digit of 210792?
7
What is the units digit of 3347?
7
What is the tens digit of 3412?
1
What is the hundreds digit of 1952?
9
What is the tens digit of 391?
9
What is the units digit of 41?
1
What is the units digit of 3?
3
What is the hundreds digit of 3098?
0
What is the ten thousands digit of 27968?
2
What is the hundreds digit of 871?
8
What is the hundreds digit of 996?
9
What is the thousands digit of 5604?
5
What is the thousands digit of 22135?
2
What is the thousands digit of 7457?
7
What is the tens digit of 39874?
7
What is the hundreds digit of 8831?
8
What is the units digit of 1926?
6
What is the ten thousands digit of 68236?
6
What is the tens digit of 53667?
6
What is the ten thousands digit of 20463?
2
What is the ten thousands digit of 14831?
1
What is the ten thousands digit of 18966?
1
What is the thousands digit of 1456?
1
What is the units digit of 86?
6
What is the units digit of 5354?
4
What is the thousands digit of 2184?
2
What is the hundreds digit of 1127?
1
What is the tens digit of 54?
5
What is the ten thousands digit of 10237?
1
What is the hundreds digit of 1213?
2
What is the tens digit of 1788?
8
What is the thousands digit of 63039?
3
What is the ten thousands digit of 45116?
4
What is the thousands digit of 112050?
2
What is the tens digit of 637?
3
What is the units digit of 41999?
9
What is the units digit of 8093?
3
What is the tens digit of 250?
5
What is the tens digit of 4249?
4
What is the hundreds digit of 3045?
0
What is the tens digit of 57515?
1
What is the ten thousands digit of 18360?
1
What is the units digit of 4983?
3
What is the units digit of 9517?
7
What is the ten thousands digit of 27551?
2
What is the hundreds digit of 981?
9
What is the tens digit of 16150?
5
What is the units digit of 98831?
1
What is the units digit of 899?
9
What is the units digit of 14711?
1
What is the tens digit of 6084?
8
What is the hundreds digit of 4546?
5
What is the tens digit of 147849?
4
What is the hundreds digit of 2209?
2
What is the tens digit of 871?
7
What is the units digit of 1148?
8
What is the thousands digit of 133855?
3
What is the units digit of 3813?
3
What is the hundreds digit of 37435?
4
What is the tens digit of 5911?
1
What is the thousands digit of 4174?
4
What is the units digit of 94547?
7
What is the units digit of 94?
4
What is the tens digit of 1232?
3
What is the tens digit of 205?
0
What is the hundreds digit of 704?
7
What is the hundreds digit of 965?
9
What is the units digit of 2366?
6
What is the hundreds digit of 77804?
8
What is the thousands digit of 16397?
6
What is the hundreds digit of 11941?
9
What is the units digit of 296?
6
What is the thousands digit of 9642?
9
What is the units digit of 1627?
7
What is the tens digit of 5728?
2
What is the thousands digit of 1108?
1
What is the thousands digit of 2817?
2
What is the units digit of 960?
0
What is the tens digit of 1283?
8
What is the tens digit of 2873?
7
What is the thousands digit of 21681?
1
What is the units digit of 5225?
5
What is the units digit of 788?
8
What is the tens digit of 350?
5
What is the thousands digit of 1179?
1
What is the units digit of 6766?
6
What is the thousands digit of 4641?
4
What is the units digit of 383?
3
What is the hundreds digit of 19539?
5
What is the units digit of 1931?
1
What is the hundreds digit of 1578?
5
What is the hundred thousands digit of 171533?
1
What is the ten thousands digit of 135600?
3
What is the ten thousands digit of 10804?
1
What is the tens digit of 2096?
9
What is the thousands digit of 3151?
3
What is the hundreds digit of 1098?
0
What is the tens digit of 34935?
3
What is the hundreds digit of 9720?
7
What is the thousands digit of 3009?
3
What is the hundreds digit of 4611?
6
What is the hundreds digit of 1275?
2
What is the tens digit of 175?
7
What is the units digit of 7236?
6
What is the thousands digit of 1249?
1
What is the tens digit of 5043?
4
What is the tens digit of 1780?
8
What is the units digit of 390?
0
What is the tens digit of 563?
6
What is the thousands digit of 9993?
9
What is the hundreds digit of 3673?
6
What is the units digit of 43?
3
What is the tens digit of 30914?
1
What is the hundreds digit of 110?
1
What is the hundreds digit of 1323?
3
What is the thousands digit of 78920?
8
What is the ten thousands digit of 45702?
4
What is the tens digit of 3321?
2
What is the hundreds digit of 69440?
4
What is the thousands digit of 20759?
0
What is the units digit of 635?
5
What is the tens digit of 31258?
5
What is the units digit of 25607?
7
What is the hundreds digit of 8022?
0
What is the ten thousands digit of 29639?
2
What is the thousands digit of 45278?
5
What is the ten thousands digit of 83589?
8
What is the units digit of 2480?
0
What is the ten thousands digit of 20168?
2
What is the units digit of 81380?
0
What is the hundreds digit of 1042?
0
What is the tens digit of 18319?
1
What is the ten thousands digit of 55586?
5
What is the hundreds digit of 90286?
2
What is the hundreds digit of 19513?
5
What is the tens digit of 4488?
8
What is the units digit of 1870?
0
What is the thousands digit of 76635?
6
What is the units digit of 782?
2
What is the units digit of 859?
9
What is the hundreds digit of 14767?
7
What is the thousands digit of 9564?
9
What is the units digit of 13574?
4
What is the thousands digit of 34334?
4
What is the units digit of 13042?
2
What is the hundreds digit of 1491?
4
What is the hundreds digit of 2024?
0
What is the ten thousands digit of 149596?
4
What is the hundreds digit of 6437?
4
What is the tens digit of 7819?
1
What is the hundreds digit of 1995?
9
What is the ten thousands digit of 17784?
1
What is the hundreds digit of 36598?
5
What is the hundreds digit of 1032?
0
What is the thousands digit of 20455?
0
What is the units digit of 4751?
1
What is the units digit of 2034?
4
What is the units digit of 1678?
8
What is the hundreds digit of 2200?
2
What is the hundreds digit of 2280?
2
What is the units digit of 171?
1
What is the units digit of 1728?
8
What is the hundreds digit of 2285?
2
What is the tens digit of 243?
4
What is the units digit of 8932?
2
What is the ten thousands digit of 16537?
1
What is the tens digit of 6767?
6
What is the units digit of 2058?
8
What is the tens digit of 5394?
9
What is the thousands digit of 4906?
4
What is the hundred thousands digit of 162093?
1
What is the hundreds digit of 22541?
5
What is the units digit of 25123?
3
What is the hundreds digit of 11369?
3
What is the units digit of 3029?
9
What is the thousands digit of 6692?
6
What is the units digit of 19728?
8
What is the units digit of 200?
0
What is the hundreds digit of 1760?
7
What is the units digit of 3670?
0
What is the ten thousands digit of 55978?
5
What is the thousands digit of 141938?
1
What is the thousands digit of 5115?
5
What is the tens digit of 5850?
5
What is the tens digit of 22018?
1
What is the tens digit of 2434?
3
What is the units digit of 2988?
8
What is the hundreds digit of 7379?
3
What is the thousands digit of 6081?
6
What is the units digit of 2683?
3
Wha